{"id":103,"date":"2024-12-03T14:46:32","date_gmt":"2024-12-03T13:46:32","guid":{"rendered":"https:\/\/ninogentile.com\/?page_id=103"},"modified":"2025-01-26T05:51:46","modified_gmt":"2025-01-26T04:51:46","slug":"il-colore-della-liberta","status":"publish","type":"page","link":"https:\/\/ninogentile.com\/index.php\/il-colore-della-liberta\/","title":{"rendered":"&#8220;Il colore della Libert\u00e0&#8221;"},"content":{"rendered":"\n<p>Libert\u00e0: il tuo colore \u00e9 rosso come il sangue di Cristo morto in croce per liberare l\u2019umanit\u00e0 dal peccato originale.<\/p>\n\n\n\n<p>Rosso come il sole al tramonto, che si tuffa nel mare, tra Tindari e Milazzo in un pomeriggio d\u2019estate, e lo ammiri libero di vederlo sorgere il giorno successivo.<br>Rosso come il sangue versato da Giovanni, che con Francesca, Antonio, Vito e Rocco, da quella sera del 23 maggio 1992 non lo ha pi\u00f9 visto sorgere.<\/p>\n\n\n\n<figure class=\"wp-block-image size-large\"><img loading=\"lazy\" decoding=\"async\" width=\"1024\" height=\"589\" src=\"http:\/\/ninogentile.com\/wp-content\/uploads\/2024\/12\/Screenshot-2024-12-08-alle-22.20.05-1024x589.png\" alt=\"\" class=\"wp-image-145\" srcset=\"https:\/\/ninogentile.com\/wp-content\/uploads\/2024\/12\/Screenshot-2024-12-08-alle-22.20.05-1024x589.png 1024w, https:\/\/ninogentile.com\/wp-content\/uploads\/2024\/12\/Screenshot-2024-12-08-alle-22.20.05-300x173.png 300w, https:\/\/ninogentile.com\/wp-content\/uploads\/2024\/12\/Screenshot-2024-12-08-alle-22.20.05-768x442.png 768w, https:\/\/ninogentile.com\/wp-content\/uploads\/2024\/12\/Screenshot-2024-12-08-alle-22.20.05.png 1116w\" sizes=\"auto, (max-width: 1024px) 100vw, 1024px\" \/><\/figure>\n\n\n\n<p>Giovanni \u00e8 stato trucidato perch\u00e8 credeva nel rinnovamento culturale della sua terra: credeva nella Libert\u00e0.<br>Libert\u00e0 di vedere l\u2019acqua sgorgare dai rubinetti di casa.<br><strong>Libero<\/strong> \u2026 di gestire un\u2019attivit\u00e0 commerciale senza pagare il pizzo.<br>La libert\u00e0: fare non 100 passi, ma 1000 e pi\u00f9 per fare informazione, libera.<\/p>\n\n\n\n<p>Giovanni non era mai stanco e mai demordeva nella lotta che conduceva ogni giorno contro la mafia.<br>E la mafia lo ha eliminato in un modo tragicamente clamoroso, diverso dalla sue consuete e insane tradizione, per dimostrare la sua potenza distruttrice credendo di uccidere anche la Libert\u00e0.<br>Ma da quel giorno Giovanni \u00e9 diventato il simbolo della libert\u00e0 di noi tutti Siciliani e non.<\/p>\n\n\n\n<p>Le sue idee saranno sempre il manifesto da cui tutti potranno attingere per l\u2019affrancamento di tutto il paese dai ceppi dell\u2019oppressione mafiosa ovunque si manifesti: ovunque non c\u2019\u00e9 legalit\u00e0, libert\u00e0 di opinione, libert\u00e0 politica, libert\u00e0 di credo, libert\u00e0 di lavoro, libert\u00e0 di vita.<\/p>\n\n\n\n<p>Da quel giorno apparentemente non \u00e8 cambiato granch\u00e9 in Sicilia, a Palermo e \u2026 nel nostro Bel Paese.<\/p>\n\n\n\n<p>Il colore della libert\u00e0 \u00e9 ancora rosso come il sangue di altri morti ammazzati, caduti vittime di chi vuole il potere calpestando la libert\u00e0.<br>E l\u2019acqua non scorre ancora dai rubinetti e il pizzo si paga ancora.<\/p>\n\n\n\n<figure class=\"wp-block-image size-full\"><img loading=\"lazy\" decoding=\"async\" width=\"974\" height=\"562\" src=\"http:\/\/ninogentile.com\/wp-content\/uploads\/2024\/12\/Screenshot-2024-12-08-alle-22.19.35.png\" alt=\"\" class=\"wp-image-146\" srcset=\"https:\/\/ninogentile.com\/wp-content\/uploads\/2024\/12\/Screenshot-2024-12-08-alle-22.19.35.png 974w, https:\/\/ninogentile.com\/wp-content\/uploads\/2024\/12\/Screenshot-2024-12-08-alle-22.19.35-300x173.png 300w, https:\/\/ninogentile.com\/wp-content\/uploads\/2024\/12\/Screenshot-2024-12-08-alle-22.19.35-768x443.png 768w\" sizes=\"auto, (max-width: 974px) 100vw, 974px\" \/><\/figure>\n\n\n\n<p>Ma la novit\u00e0 sono le idee, vive pi\u00f9 che mai, di Giovanni e di tutti quelli che hanno gridato forte: Libert\u00e0! pagando con la propria vita.<br>Paolo, Boris, Rocco, Ninni e Roberto, Rosario, Libero.<br>Padre Pino Puglisi.<\/p>\n\n\n\n<p>Torino, 18 maggio 2002<\/p>\n\n\n\n<p><a href=\"https:\/\/ninogentile.com\/\">Musica scelta<\/a><\/p>\n\n\n\n<p><a href=\"https:\/\/www.youtube.com\/watch?v=kXHJmrVHfFk\"><strong>Mattanza<\/strong> (da album FANNAN<\/a> il terzo album dei&nbsp;<em><a href=\"https:\/\/it.wikipedia.org\/wiki\/Kunsertu\">Kunsertu<\/a><\/em>&nbsp;pubblicato nel 1990<\/p>\n\n\n\n<figure class=\"wp-block-image size-large\"><a href=\"https:\/\/www.youtube.com\/watch?v=kXHJmrVHfFk\"><img loading=\"lazy\" decoding=\"async\" width=\"1024\" height=\"671\" src=\"http:\/\/ninogentile.com\/wp-content\/uploads\/2024\/12\/Screenshot-2024-12-08-alle-22.27.30-1024x671.png\" alt=\"\" class=\"wp-image-149\" srcset=\"https:\/\/ninogentile.com\/wp-content\/uploads\/2024\/12\/Screenshot-2024-12-08-alle-22.27.30-1024x671.png 1024w, https:\/\/ninogentile.com\/wp-content\/uploads\/2024\/12\/Screenshot-2024-12-08-alle-22.27.30-300x197.png 300w, https:\/\/ninogentile.com\/wp-content\/uploads\/2024\/12\/Screenshot-2024-12-08-alle-22.27.30-768x503.png 768w, https:\/\/ninogentile.com\/wp-content\/uploads\/2024\/12\/Screenshot-2024-12-08-alle-22.27.30.png 1312w\" sizes=\"auto, (max-width: 1024px) 100vw, 1024px\" \/><\/a><\/figure>\n\n\n\n<p><\/p>\n","protected":false},"excerpt":{"rendered":"<p>Libert\u00e0: il tuo colore \u00e9 rosso come il sangue di Cristo morto in croce per liberare l\u2019umanit\u00e0 dal peccato originale. Rosso come il sole al tramonto, che si tuffa nel mare, tra Tindari e Milazzo in un pomeriggio d\u2019estate, e lo ammiri libero di vederlo sorgere il giorno successivo.Rosso come il sangue versato da Giovanni, [&hellip;]<\/p>\n","protected":false},"author":3,"featured_media":144,"parent":0,"menu_order":0,"comment_status":"closed","ping_status":"closed","template":"","meta":{"footnotes":""},"class_list":["post-103","page","type-page","status-publish","has-post-thumbnail","hentry"],"yoast_head":"<!-- This site is optimized with the Yoast SEO plugin v27.4 - https:\/\/yoast.com\/product\/yoast-seo-wordpress\/ -->\n<title>&quot;Il colore della Libert\u00e0&quot; - Nino Gentile<\/title>\n<meta name=\"description\" content=\"Libert\u00e0: il tuo colore \u00e9 rosso come il sangue. Rosso come il sole al tramonto, che si tuffa nel mare, tra Tindari e Milazzo.\" \/>\n<meta name=\"robots\" content=\"index, follow, max-snippet:-1, max-image-preview:large, max-video-preview:-1\" \/>\n<link rel=\"canonical\" href=\"https:\/\/ninogentile.com\/index.php\/il-colore-della-liberta\/\" \/>\n<meta property=\"og:locale\" content=\"it_IT\" \/>\n<meta property=\"og:type\" content=\"article\" \/>\n<meta property=\"og:title\" content=\"&quot;Il colore della Libert\u00e0&quot;\" \/>\n<meta property=\"og:description\" content=\"Libert\u00e0: il tuo colore \u00e9 rosso come il sangue. Rosso come il sole al tramonto, che si tuffa nel mare, tra Tindari e Milazzo.\" \/>\n<meta property=\"og:url\" content=\"https:\/\/ninogentile.com\/index.php\/il-colore-della-liberta\/\" \/>\n<meta property=\"og:site_name\" content=\"Nino Gentile\" \/>\n<meta property=\"article:modified_time\" content=\"2025-01-26T04:51:46+00:00\" \/>\n<meta property=\"og:image\" content=\"http:\/\/ninogentile.com\/wp-content\/uploads\/2024\/12\/Screenshot-2024-12-08-alle-22.19.35.png\" \/>\n\t<meta property=\"og:image:width\" content=\"974\" \/>\n\t<meta property=\"og:image:height\" content=\"562\" \/>\n\t<meta property=\"og:image:type\" content=\"image\/png\" \/>\n<meta name=\"twitter:card\" content=\"summary_large_image\" \/>\n<meta name=\"twitter:label1\" content=\"Tempo di lettura stimato\" \/>\n\t<meta name=\"twitter:data1\" content=\"3 minuti\" \/>\n<script type=\"application\/ld+json\" class=\"yoast-schema-graph\">{\"@context\":\"https:\\\/\\\/schema.org\",\"@graph\":[{\"@type\":\"WebPage\",\"@id\":\"https:\\\/\\\/ninogentile.com\\\/index.php\\\/il-colore-della-liberta\\\/\",\"url\":\"https:\\\/\\\/ninogentile.com\\\/index.php\\\/il-colore-della-liberta\\\/\",\"name\":\"\\\"Il colore della Libert\u00e0\\\" - Nino Gentile\",\"isPartOf\":{\"@id\":\"https:\\\/\\\/ninogentile.com\\\/#website\"},\"primaryImageOfPage\":{\"@id\":\"https:\\\/\\\/ninogentile.com\\\/index.php\\\/il-colore-della-liberta\\\/#primaryimage\"},\"image\":{\"@id\":\"https:\\\/\\\/ninogentile.com\\\/index.php\\\/il-colore-della-liberta\\\/#primaryimage\"},\"thumbnailUrl\":\"https:\\\/\\\/ninogentile.com\\\/wp-content\\\/uploads\\\/2024\\\/12\\\/Screenshot-2024-12-08-alle-22.21.09.png\",\"datePublished\":\"2024-12-03T13:46:32+00:00\",\"dateModified\":\"2025-01-26T04:51:46+00:00\",\"description\":\"Libert\u00e0: il tuo colore \u00e9 rosso come il sangue. Rosso come il sole al tramonto, che si tuffa nel mare, tra Tindari e Milazzo.\",\"breadcrumb\":{\"@id\":\"https:\\\/\\\/ninogentile.com\\\/index.php\\\/il-colore-della-liberta\\\/#breadcrumb\"},\"inLanguage\":\"it-IT\",\"potentialAction\":[{\"@type\":\"ReadAction\",\"target\":[\"https:\\\/\\\/ninogentile.com\\\/index.php\\\/il-colore-della-liberta\\\/\"]}]},{\"@type\":\"ImageObject\",\"inLanguage\":\"it-IT\",\"@id\":\"https:\\\/\\\/ninogentile.com\\\/index.php\\\/il-colore-della-liberta\\\/#primaryimage\",\"url\":\"https:\\\/\\\/ninogentile.com\\\/wp-content\\\/uploads\\\/2024\\\/12\\\/Screenshot-2024-12-08-alle-22.21.09.png\",\"contentUrl\":\"https:\\\/\\\/ninogentile.com\\\/wp-content\\\/uploads\\\/2024\\\/12\\\/Screenshot-2024-12-08-alle-22.21.09.png\",\"width\":974,\"height\":616},{\"@type\":\"BreadcrumbList\",\"@id\":\"https:\\\/\\\/ninogentile.com\\\/index.php\\\/il-colore-della-liberta\\\/#breadcrumb\",\"itemListElement\":[{\"@type\":\"ListItem\",\"position\":1,\"name\":\"Home\",\"item\":\"https:\\\/\\\/ninogentile.com\\\/\"},{\"@type\":\"ListItem\",\"position\":2,\"name\":\"&#8220;Il colore della Libert\u00e0&#8221;\"}]},{\"@type\":\"WebSite\",\"@id\":\"https:\\\/\\\/ninogentile.com\\\/#website\",\"url\":\"https:\\\/\\\/ninogentile.com\\\/\",\"name\":\"Nino Gentile\",\"description\":\"\",\"publisher\":{\"@id\":\"https:\\\/\\\/ninogentile.com\\\/#\\\/schema\\\/person\\\/c3138578e9ae798223051e41dc30cb2c\"},\"potentialAction\":[{\"@type\":\"SearchAction\",\"target\":{\"@type\":\"EntryPoint\",\"urlTemplate\":\"https:\\\/\\\/ninogentile.com\\\/?s={search_term_string}\"},\"query-input\":{\"@type\":\"PropertyValueSpecification\",\"valueRequired\":true,\"valueName\":\"search_term_string\"}}],\"inLanguage\":\"it-IT\"},{\"@type\":[\"Person\",\"Organization\"],\"@id\":\"https:\\\/\\\/ninogentile.com\\\/#\\\/schema\\\/person\\\/c3138578e9ae798223051e41dc30cb2c\",\"name\":\"Nino Gentile\",\"image\":{\"@type\":\"ImageObject\",\"inLanguage\":\"it-IT\",\"@id\":\"https:\\\/\\\/ninogentile.com\\\/wp-content\\\/uploads\\\/2024\\\/11\\\/stazione-di-Torino-Rebaudengo-Fossata.jpg\",\"url\":\"https:\\\/\\\/ninogentile.com\\\/wp-content\\\/uploads\\\/2024\\\/11\\\/stazione-di-Torino-Rebaudengo-Fossata.jpg\",\"contentUrl\":\"https:\\\/\\\/ninogentile.com\\\/wp-content\\\/uploads\\\/2024\\\/11\\\/stazione-di-Torino-Rebaudengo-Fossata.jpg\",\"width\":1204,\"height\":880,\"caption\":\"Nino Gentile\"},\"logo\":{\"@id\":\"https:\\\/\\\/ninogentile.com\\\/wp-content\\\/uploads\\\/2024\\\/11\\\/stazione-di-Torino-Rebaudengo-Fossata.jpg\"},\"sameAs\":[\"http:\\\/\\\/ninogentile.com\"]}]}<\/script>\n<!-- \/ Yoast SEO plugin. -->","yoast_head_json":{"title":"\"Il colore della Libert\u00e0\" - Nino Gentile","description":"Libert\u00e0: il tuo colore \u00e9 rosso come il sangue. Rosso come il sole al tramonto, che si tuffa nel mare, tra Tindari e Milazzo.","robots":{"index":"index","follow":"follow","max-snippet":"max-snippet:-1","max-image-preview":"max-image-preview:large","max-video-preview":"max-video-preview:-1"},"canonical":"https:\/\/ninogentile.com\/index.php\/il-colore-della-liberta\/","og_locale":"it_IT","og_type":"article","og_title":"\"Il colore della Libert\u00e0\"","og_description":"Libert\u00e0: il tuo colore \u00e9 rosso come il sangue. Rosso come il sole al tramonto, che si tuffa nel mare, tra Tindari e Milazzo.","og_url":"https:\/\/ninogentile.com\/index.php\/il-colore-della-liberta\/","og_site_name":"Nino Gentile","article_modified_time":"2025-01-26T04:51:46+00:00","og_image":[{"width":974,"height":562,"url":"http:\/\/ninogentile.com\/wp-content\/uploads\/2024\/12\/Screenshot-2024-12-08-alle-22.19.35.png","type":"image\/png"}],"twitter_card":"summary_large_image","twitter_misc":{"Tempo di lettura stimato":"3 minuti"},"schema":{"@context":"https:\/\/schema.org","@graph":[{"@type":"WebPage","@id":"https:\/\/ninogentile.com\/index.php\/il-colore-della-liberta\/","url":"https:\/\/ninogentile.com\/index.php\/il-colore-della-liberta\/","name":"\"Il colore della Libert\u00e0\" - Nino Gentile","isPartOf":{"@id":"https:\/\/ninogentile.com\/#website"},"primaryImageOfPage":{"@id":"https:\/\/ninogentile.com\/index.php\/il-colore-della-liberta\/#primaryimage"},"image":{"@id":"https:\/\/ninogentile.com\/index.php\/il-colore-della-liberta\/#primaryimage"},"thumbnailUrl":"https:\/\/ninogentile.com\/wp-content\/uploads\/2024\/12\/Screenshot-2024-12-08-alle-22.21.09.png","datePublished":"2024-12-03T13:46:32+00:00","dateModified":"2025-01-26T04:51:46+00:00","description":"Libert\u00e0: il tuo colore \u00e9 rosso come il sangue. Rosso come il sole al tramonto, che si tuffa nel mare, tra Tindari e Milazzo.","breadcrumb":{"@id":"https:\/\/ninogentile.com\/index.php\/il-colore-della-liberta\/#breadcrumb"},"inLanguage":"it-IT","potentialAction":[{"@type":"ReadAction","target":["https:\/\/ninogentile.com\/index.php\/il-colore-della-liberta\/"]}]},{"@type":"ImageObject","inLanguage":"it-IT","@id":"https:\/\/ninogentile.com\/index.php\/il-colore-della-liberta\/#primaryimage","url":"https:\/\/ninogentile.com\/wp-content\/uploads\/2024\/12\/Screenshot-2024-12-08-alle-22.21.09.png","contentUrl":"https:\/\/ninogentile.com\/wp-content\/uploads\/2024\/12\/Screenshot-2024-12-08-alle-22.21.09.png","width":974,"height":616},{"@type":"BreadcrumbList","@id":"https:\/\/ninogentile.com\/index.php\/il-colore-della-liberta\/#breadcrumb","itemListElement":[{"@type":"ListItem","position":1,"name":"Home","item":"https:\/\/ninogentile.com\/"},{"@type":"ListItem","position":2,"name":"&#8220;Il colore della Libert\u00e0&#8221;"}]},{"@type":"WebSite","@id":"https:\/\/ninogentile.com\/#website","url":"https:\/\/ninogentile.com\/","name":"Nino Gentile","description":"","publisher":{"@id":"https:\/\/ninogentile.com\/#\/schema\/person\/c3138578e9ae798223051e41dc30cb2c"},"potentialAction":[{"@type":"SearchAction","target":{"@type":"EntryPoint","urlTemplate":"https:\/\/ninogentile.com\/?s={search_term_string}"},"query-input":{"@type":"PropertyValueSpecification","valueRequired":true,"valueName":"search_term_string"}}],"inLanguage":"it-IT"},{"@type":["Person","Organization"],"@id":"https:\/\/ninogentile.com\/#\/schema\/person\/c3138578e9ae798223051e41dc30cb2c","name":"Nino Gentile","image":{"@type":"ImageObject","inLanguage":"it-IT","@id":"https:\/\/ninogentile.com\/wp-content\/uploads\/2024\/11\/stazione-di-Torino-Rebaudengo-Fossata.jpg","url":"https:\/\/ninogentile.com\/wp-content\/uploads\/2024\/11\/stazione-di-Torino-Rebaudengo-Fossata.jpg","contentUrl":"https:\/\/ninogentile.com\/wp-content\/uploads\/2024\/11\/stazione-di-Torino-Rebaudengo-Fossata.jpg","width":1204,"height":880,"caption":"Nino Gentile"},"logo":{"@id":"https:\/\/ninogentile.com\/wp-content\/uploads\/2024\/11\/stazione-di-Torino-Rebaudengo-Fossata.jpg"},"sameAs":["http:\/\/ninogentile.com"]}]}},"_links":{"self":[{"href":"https:\/\/ninogentile.com\/index.php\/wp-json\/wp\/v2\/pages\/103","targetHints":{"allow":["GET"]}}],"collection":[{"href":"https:\/\/ninogentile.com\/index.php\/wp-json\/wp\/v2\/pages"}],"about":[{"href":"https:\/\/ninogentile.com\/index.php\/wp-json\/wp\/v2\/types\/page"}],"author":[{"embeddable":true,"href":"https:\/\/ninogentile.com\/index.php\/wp-json\/wp\/v2\/users\/3"}],"replies":[{"embeddable":true,"href":"https:\/\/ninogentile.com\/index.php\/wp-json\/wp\/v2\/comments?post=103"}],"version-history":[{"count":7,"href":"https:\/\/ninogentile.com\/index.php\/wp-json\/wp\/v2\/pages\/103\/revisions"}],"predecessor-version":[{"id":637,"href":"https:\/\/ninogentile.com\/index.php\/wp-json\/wp\/v2\/pages\/103\/revisions\/637"}],"wp:featuredmedia":[{"embeddable":true,"href":"https:\/\/ninogentile.com\/index.php\/wp-json\/wp\/v2\/media\/144"}],"wp:attachment":[{"href":"https:\/\/ninogentile.com\/index.php\/wp-json\/wp\/v2\/media?parent=103"}],"curies":[{"name":"wp","href":"https:\/\/api.w.org\/{rel}","templated":true}]}}